 + 38. Let h(d) = -19*d + 2. What is the remainder when h(-3) is divided by b?
19
Let a(n) = -13*n - 9. Let q(r) = 2 - 4 - 5*r + 2*r. What is the remainder when a(-5) is divided by q(-7)?
18
Let v(f) = -f**2 + 7. Suppose o + o - 4*l = -20, -5 = -3*o - l. Calculate the remainder when v(o) is divided by (14/(-63)*6)/(3/((-27)/6)).
1
Let o(v) = -59*v - 19 - 60*v + 117*v. Calculate the remainder when o(-13) is divided by 6.
1
Let s(z) = -z**3 - 15*z**2 - 19*z. Let d = -20 + 6. Let w be s(d). Suppose -4*k = k - w. What is the remainder when 54 is divided by k?
12
Let h = -6 - -8. Suppose m + 0*m + h = 5*b, -4 = -3*m + 5*b. Suppose -2*n - n = -3*k - 198, -4*k = -m*n + 202. What is the remainder when n is divided by 21?
20
Suppose -6*z = 4*z - 2670. What is the remainder when z is divided by 45?
42
Suppose -6*h + 11*h = 3*m - 50, -4*m - 3*h = -115. What is the remainder when 322 is divided by m?
22
Suppose 29*p - 20*p = 207. Calculate the remainder when 154 is divided by p.
16
Calculate the remainder when 2 + (-1 - 278)*(-6)/9 is divided by 21.
20
Let m = -36 - -62. What is the remainder when -24*(6 + (5 - 13)) is divided by m?
22
Let i(m) = -6*m - 9. Let h(q) = q**3 + 10*q**2 + 9*q - 4. Let t be h(-9). Let v be (-40)/(-10)*6/t. Calculate the remainder when 79 is divided by i(v).
25
Suppose 6*w = 10*w - 140. Calculate the remainder when 134 is divided by w.
29
Suppose -6*r - 2 = 3*w - 7*r, -3*w + 2*r = 4. Let i be (-3)/4*(-8)/2. Suppose w = -4*u + 205 + i. What is the remainder when u is divided by 18?
16
Let f = 51 - 30. Let d = f + -17. Suppose 0 = -3*b + d*i + 22, 0 = 2*b + b + i - 17. What is the remainder when b is divided by 3?
0
Suppose 235 = 7*n - 2*n - 5*p, 4*p - 155 = -3*n. Let k be 107/(-7) + 14/n. Let t = k - -17. Calculate the remainder when 3 is divided by t.
1
Suppose 0 = -2*y + y + 221. What is the remainder when y is divided by 16?
13
Let x = -50 + 99. Calculate the remainder when 111 is divided by x.
13
Suppose 8*i + 14 = 7*i. Let c be i/(-4) - 1/(-2). Calculate the remainder when 4 is divided by (-280)/(-154) - c/(-22).
0
Let t(l) = 2*l + 42. What is the remainder when t(7) is divided by 21?
14
Suppose -12*z + 7*z + 4*o = -30, -15 = -3*o. What is the remainder when (17*1)/(12 - 11) is divided by z?
7
Suppose -a = 4*a - 15. Let n = -308 - -350. Suppose -a*f + 60 = -3*v, -2*v + 5*v = -3*f + n. Calculate the remainder when f is divided by 9.
8
Let a = -13 + 10. Let g be a/(-6)*62 + -1. What is the remainder when 26 is divided by (-2 - 3)*(-42)/g?
5
Suppose 0 = -5*f - 3*l + 119, 7*f - 3*f + 3*l = 97. Suppose f = 3*o - 3*g - 20, 0 = 4*o - 3*g - 56. Calculate the remainder when 41 is divided by o.
13
Let i = 405 + -394. What is the remainder when 162 is divided by i?
8
Suppose -3 = b + 3*f - 27, 5*b + 4*f - 120 = 0. Calculate the remainder when b is divided by 13.
11
Suppose -27*l + 138 = -24*l. Calculate the remainder when 70 is divided by l.
24
Let n(b) = 2*b + 10. Let k be n(5). Let s(u) = u**2 + 13*u - 1. Let p be s(-12). Let v = k + p. What is the remainder when 25 is divided by v?
4
Calculate the remainder when 199 is divided by -2 + 2 - (-205)/41.
4
Suppose 0*t + t - 4 = 0, -g + 33 = -t. Let i(x) = x + 93. What is the remainder when i(-22) is divided by g?
34
Let q(l) = -2*l**2 - 8*l - 13. Let y be q(-4). Let g(k) = -k**2 - 16*k - 29. Calculate the remainder when g(y) is divided by 4.
2
Let q = 4 - 1. Let j be (-8)/14 - 115/7. Let i = j - -21. Calculate the remainder when i is divided by q.
1
Suppose 9 - 12 = -3*l. Calculate the remainder when 43 is divided by ((-54)/12)/(l/(-2)).
7
Calculate the remainder when (-2*2)/((68/(-32))/17) is divided by 14.
4
Suppose -j + 2*h + 175 = -6*j, -140 = 4*j + h. Let f = -16 - j. Suppose -125 + 160 = 5*y. Calculate the remainder when f is divided by y.
5
Let s(y) = y**3 - 5*y**2 - 6. Let f be s(5). What is the remainder when ((-48)/9)/(f/9) is divided by 8?
0
Calculate the remainder when (-1 + 527 - -2) + (144 - 142) is divided by 59.
58
Suppose 2*n - u - 65 = 0, n + 10*u = 15*u + 19. Suppose 2*f + 2*f - 264 = 0. What is the remainder when f is divided by n?
32
Suppose -k - 32 = -m, m - 23 = -k + 11. What is the remainder when m is divided by 6?
3
Let f(o) = 8*o**2 - 26*o + 7. What is the remainder when f(-4) is divided by 33?
8
What is the remainder when (0 - 1629/(-6))*(-104)/(-78) is divided by 126?
110
Suppose 857*a + 138 = 863*a. What is the remainder when 321 is divided by a?
22
Let o(v) = v + 7. Let m be -15*(6/27)/((-4)/12). Calculate the remainder when 33 is divided by o(m).
16
Let l(a) be the third derivative of -1/24*a**4 + 2/3*a**3 + 7*a**2 + 0*a + 0. What is the remainder when l(-11) is divided by 6?
3
Let x = 2081 - 2057. Calculate the remainder when x is divided by 18.
6
Suppose 224 = -2*g + 7*g - 2*t, -4*g - 4*t = -168. Calculate the remainder when g is divided by 22.
0
Suppose 2*o = 9 + 101. Suppose 0 = 5*i - 14 - 21. Calculate the remainder when o is divided by i.
6
Suppose -l + 0*o + 7 = -3*o, 2*l - 14 = -5*o. Suppose 4 = -l*d + 11*d. Let p(q) = 48*q + 1. Calculate the remainder when p(d) is divided by 13.
10
Let u(c) = 6*c - 61. Calculate the remainder when 97 is divided by u(15).
10
What is the remainder when (-44)/(-264) + 346/12 is divided by 21?
8
Let t(j) = j**2 - 48*j - 197. Calculate the remainder when t(54) is divided by 44.
39
Let p = 40 - 29. Suppose -18*a = -27*a - 216. Calculate the remainder when (4 - a*1*2) + 0 is divided by p.
8
Suppose 83*r + 371 = 850 + 1264. Let t(j) = 4*j + 1 + 3 - 5. Calculate the remainder when r is divided by t(3).
10
Suppose 0 = 2*a - 4*p - 140, -7*a + 4*a + 4*p = -202. Suppose -q = -k + a - 6, 0 = -3*q + 6. Calculate the remainder when k is divided by 10.
8
Let q be (-36)/(-6) - (-6)/(-3). Let h be 39/((-1)/q*-6). Suppose -4*g + 110 = -4*a - h, -a - 5 = 0. What is the remainder when g is divided by 10?
9
Let s = 19 - -26. Suppose 75*c - 7*c = 816. Calculate the remainder when s is divided by c.
9
Let l(y) = -y**3 - 2*y**2 + 23*y + 5. Calculate the remainder when 15 is divided by l(-6).
4
Let l = 26 + -12. Let j(c) = 17*c**2 + 39*c + 135. What is the remainder when j(-4) is divided by l?
13
Let d(s) = s**2 + 6*s - 21. Let g be d(-16). Suppose -g = 4*a - 7. What is the remainder when 17 is divided by a/22*(-6)/1?
8
Let v be (-1)/(0 + 5 + -6). Let t = -3 - -3. Calculate the remainder when 38 is divided by (t + -1)/(v/(-13)).
12
Suppose m - 5 - 7 = 0. Let r = -13 + m. Calculate the remainder when 58 is divided by (0 + r)/(3/(-45)).
13
Suppose -5*d - 150 = -4*u - 15, -153 = -5*u + d. Calculate the remainder when u is divided by 12.
6
Let i(z) = 1 + 6*z - 5*z - 2*z - 2. Let w be i(-3). Suppose 4*c - 3*a = 73, 0 = 5*c + a - 94 - w. Calculate the remainder when 37 is divided by c.
18
Let a(t) = 9*t - 8. Let i be 4*(-1)/10*-975. What is the remainder when (1/1)/(10/i) is divided by a(2)?
9
Suppose -38*d + 31*d + 3066 = 0. Suppose 0 = -4*r, -2*a = -5*a + 4*r + d. Calculate the remainder when a is divided by 25.
21
Suppose 3*x - 153 = 3*n, -5*n + 5 = x - 46. Let i = -30 + x. Let w(s) = -s**2 - 14*s - 2. Calculate the remainder when i is divided by w(-13).
10
Let u(x) = 3*x**3 - 4*x**2 - 2. Suppose -3*i + 4*z - 58 = 26, -5*i + z = 123. Let o be (-1 + 0)/(8/i). What is the remainder when u(o) is divided by 11?
10
Suppose 67 = 20*u - 73. What is the remainder when 16 is divided by u?
2
What is the remainder when 8 is divided by (5/45)/((-1)/(-3))*9?
2
Let x(b) = 2*b**2 - 13*b - 86. Calculate the remainder when x(23) is divided by 27.
25
Calculate the remainder when (450/(-90))/((-2)/148) is divided by 6.
4
Suppose -3*s + 0*s + 5*a + 32 = 0, -4*a - 8 = 2*s. Let j be 0 + 6/(-8)*-4. Suppose -3*q + 12 = j. What is the remainder when s is divided by q?
1
Suppose 4*m - 778 = -3*j, -j + 98 = -2*m - 168. What is the remainder when j is divided by 90?
82
Suppose 1702 = 12*l - 1130. What is the remainder when l is divided by 17?
15
Let h(j) = 176*j**2 - 5*j + 4. What is the remainder when h(1) is divided by 88?
87
Suppose -6*f = -3*f. Suppose 4*j - 40 = -4*t, 2*j + 5 + f = 3*t. Suppose 70 = u + 4*u. Calculate the remainder when u is divided by j.
4
Let x = -386 + 654. Calculate the remainder when x is divided by 69.
61
Suppose -4*z = 2*v - z - 135, 3*z 